
71
What is the remainder when 213937 is divided by 9724?
9
What is the remainder when 98028 is divided by 4258?
94
What is the remainder when 472272 is divided by 2609?
43
Calculate the remainder when 9523 is divided by 30.
13
What is the remainder when 201928 is divided by 5439?
685
What is the remainder when 911870 is divided by 13610?
0
Calculate the remainder when 4608562 is divided by 38.
36
What is the remainder when 936989 is divided by 522?
521
Calculate the remainder when 94702902 is divided by 274.
8
Calculate the remainder when 55042699 is divided by 77.
19
What is the remainder when 1031756 is divided by 1859?
11
What is the remainder when 560665 is divided by 449?
313
Calculate the remainder when 48144 is divided by 779.
625
Calculate the remainder when 115564 is divided by 248.
244
Calculate the remainder when 4697099 is divided by 142336.
11
Calculate the remainder when 55747641 is divided by 1311.
1299
Calculate the remainder when 177114 is divided by 58040.
2994
What is the remainder when 18423 is divided by 2054?
1991
Calculate the remainder when 26584249 is divided by 25.
24
Calculate the remainder when 9089831 is divided by 123.
8
Calculate the remainder when 2360882 is divided by 2494.
1558
Calculate the remainder when 53109966 is divided by 54.
48
What is the remainder when 2473 is divided by 667?
472
Calculate the remainder when 493867 is divided by 8979.
22
What is the remainder when 1552176 is divided by 221738?
10
Calculate the remainder when 635166 is divided by 13514.
8
What is the remainder when 1449106 is divided by 2597?
2577
Calculate the remainder when 27631655 is divided by 1908.
1907
What is the remainder when 37488 is divided by 3185?
2453
Calculate the remainder when 1931564 is divided by 137.
1
What is the remainder when 48965151 is divided by 111?
54
What is the remainder when 286134 is divided by 13?
4
What is the remainder when 82353 is divided by 16166?
1523
Calculate the remainder when 161882 is divided by 5239.
4712
What is the remainder when 113809 is divided by 113754?
55
What is the remainder when 35465205 is divided by 35465196?
9
Calculate the remainder when 343789 is divided by 600.
589
What is the remainder when 11827822 is divided by 30642?
10
Calculate the remainder when 881934 is divided by 220483.
2
Calculate the remainder when 9251665 is divided by 7302.
31
What is the remainder when 160905 is divided by 461?
16
What is the remainder when 4640945 is divided by 4346?
3763
What is the remainder when 776085 is divided by 70491?
684
Calculate the remainder when 1155871226 is divided by 293.
290
What is the remainder when 2417144 is divided by 805703?
35
Calculate the remainder when 209668 is divided by 615.
568
What is the remainder when 1892 is divided by 227?
76
Calculate the remainder when 150565 is divided by 2991.
1015
Calculate the remainder when 19010717 is divided by 299.
297
Calculate the remainder when 1152177 is divided by 472.
25
What is the remainder when 227095 is divided by 48?
7
What is the remainder when 18454461 is divided by 14?
11
What is the remainder when 3452064 is divided by 1658?
108
Calculate the remainder when 7067929 is divided by 111.
4
What is the remainder when 117595388 is divided by 58797691?
6
What is the remainder when 238707 is divided by 692?
659
Calculate the remainder when 37655 is divided by 8695.
2875
What is the remainder when 24142334 is divided by 2460?
2354
What is the remainder when 314582 is divided by 1580?
162
Calculate the remainder when 832314 is divided by 1070.
924
Calculate the remainder when 204004 is divided by 1418.
1230
Calculate the remainder when 558247 is divided by 5815.
7
What is the remainder when 81311 is divided by 16259?
16
Calculate the remainder when 130373059 is divided by 54.
49
What is the remainder when 2192265 is divided by 127?
118
What is the remainder when 52807227 is divided by 63?
60
What is the remainder when 48933 is divided by 1115?
988
Calculate the remainder when 3132219 is divided by 4100.
3919
What is the remainder when 532734 is divided by 95?
69
What is the remainder when 735606 is divided by 1350?
1206
Calculate the remainder when 53015308 is divided by 3277.
2
What is the remainder when 162405 is divided by 9009?
243
What is the remainder when 1456700 is divided by 15?
5
Calculate the remainder when 4563119 is divided by 117003.
2
Calculate the remainder when 312235 is divided by 39000.
235
Calculate the remainder when 9801515 is divided by 653434.
5
Calculate the remainder when 125170 is divided by 31035.
1030
Calculate the remainder when 9916554 is divided by 51.
12
What is the remainder when 10463374 is divided by 1232?
1230
Calculate the remainder when 48212313 is divided by 62.
59
What is the remainder when 2428538 is divided by 9028?
6
What is the remainder when 455793 is divided by 113796?
609
What is the remainder when 58222 is divided by 57682?
540
Calculate the remainder when 33238 is divided by 1832.
262
What is the remainder when 1405955 is divided by 197?
163
What is the remainder when 3758 is divided by 3645?
113
Calculate the remainder when 176664 is divided by 1789.
1342
What is the remainder when 8055002 is divided by 4027458?
86
Calculate the remainder when 86620905 is divided by 369.
0
Calculate the remainder when 152629 is divided by 56.
29
What is the remainder when 2698131 is divided by 1022?
51
Calculate the remainder when 168359 is divided by 1402.
119
Calculate the remainder when 1402814 is divided by 114.
44
What is the remainder when 1493351 is divided by 57?
8
What is the remainder when 109256122 is divided by 127042?
2
Calculate the remainder when 14604226 is divided by 20116.
10
What is the remainder when 2817 is divided by 2297?
520
What is the remainder when 67149 is divided by 4515?
3939
Calculate the remainder when 122378 is divided by 3706.
80
What is the remainder when 1986156 is divided by 2732?
2724
What is the remainder when 10255608 is divided by 25639?
8
What is the remainder when 5377582 is divided by 15?
7
Calculate the remainder when 165428 is divided by 23618.
102
Calculate the remainder when 6348596 is divided by 4374.
1922
What is the remainder when 35753 is divided by 445?
153
What is the remainder when 156969978 is divided by 124?
114
Calculate the remainder when 69203 is divided by 33778.
1647
Calculate the remainder when 842150 is divided by 3759.
134
Calculate the remainder when 112977 is divided by 15889.
1754
Calculate the remainder when 31750 is divided by 6318.
160
What is the remainder when 112017122 is divided by 293?
292
What is the remainder when 2192254 is divided by 519?
517
What is the remainder when 521379 is divided by 10519?
5948
Calculate the remainder when 4508096 is divided by 121.
120
Calculate the remainder when 25661049 is divided by 229.
225
What is the remainder when 25519870 is divided by 6016?
6014
What is the remainder when 4347912 is divided by 71?
14
What is the remainder when 123227 is divided by 2020?
7
Calculate the remainder when 1256795 is divided by 69779.
773
What is the remainder when 3824821 is divided by 4860?
1
Calculate the remainder when 229108 is divided by 76028.
1024
What is the remainder when 20424903 is divided by 531?
519
Calculate the remainder when 192625 is divided by 144.
97
Calculate the remainder when 8795284 is divided by 43.
21
Calculate the remainder when 5017919 is divided by 25.
19
What is the remainder when 238662 is divided by 1894?
18
What is the remainder when 192511 is divided by 3375?
136
Calculate the remainder when 188290 is divided by 184.
58
Calculate the remainder when 488950 is divided by 129.
40
What is the remainder when 14306596 is divided by 82697?
15
Calculate the remainder when 193091 is divided by 2273.
2159
What is the remainder when 1044290 is divided by 13?
0
What is the remainder when 4002327 is divided by 59?
3
What is the remainder when 17052950 is divided by 87?
80
What is the remainder when 2562 is divided by 10?
2
What is the remainder when 4864859 is divided by 2860?
2859
What is the remainder when 43243211 is divided by 460?
451
Calculate the remainder when 431628112 is divided by 205.
202
Calculate the remainder when 307634 is divided by 1586.
1536
What is the 